 6*h**2 - 7*h + 5. Determine v(z).
-5
Let j(s) = -2*s**2 + 6*s + 3. Let n be j(0). Let l(c) = -2*c**3 + c**2 + c. What is l(n)?
-42
Let q be 3/(-2) + (4/8 - -4). Let f(t) = t**3 - 4*t**2 + t + 3. Give f(q).
-3
Let t(s) = -s - 2. Let j(y) = 6*y - 68. Let c(i) = -j(i) - 3*t(i). What is c(22)?
8
Suppose 0 = -2*v + r + 15, 29*v - 4*r = 24*v + 30. Let d(s) = -s**3 + 9*s**2 + 12*s - 8. Calculate d(v).
12
Let y(b) = -12*b + 33*b - 3 - 18*b + 6. Give y(2).
9
Let u(b) = 2*b**2 - 5*b + 6. Let z(j) = -j**2 + j + 1. Let c be z(1). Let a be u(c). Let y(f) = -f**2 + 4*f + 1. Give y(a).
4
Suppose 37*t - 23*t - 28 = 0. Let k(j) = -24*j + 6. Calculate k(t).
-42
Let y(r) = -2*r**3 + 11*r**2 - 4*r + 3. Let d(p) = p**2. Let k(h) = 7*d(h) - y(h). Let w(m) = m - 5. Let g be w(8). Give k(g).
27
Let m(x) = 14*x + 1. Let u(v) = v. Let a(z) = -m(z) - 4*u(z). Determine a(1).
-19
Let c(g) be the first derivative of -g**2/2 + g - 4. Let t(o) = o - 3. Let w be t(0). What is c(w)?
4
Let a(x) = -x**2 + 2*x + 1. Let u(j) = 3*j**2 - 6*j - 3. Let s(b) = 17*a(b) + 6*u(b). Give s(4).
7
Let r(w) be the second derivative of w**3/3 + w**2/2 - 2*w. Let c = 30 - 35. Give r(c).
-9
Let v(w) = -4*w - 2. Let x(q) = 4*q**2 - 25*q - 14. Let h be x(7). Suppose -2*l = -19 + h. Give v(l).
-26
Let j(l) = 17*l**3 - 4 - 25*l**3 - 5*l**2 + 9*l**3 - 5*l. Determine j(6).
2
Let z(f) = -7*f**2 - 11*f + 29 - 11 - 15. Let h(c) = -3*c**2 - 6*c + 1. Let o(t) = -5*h(t) + 2*z(t). Calculate o(-8).
1
Let j = -62 - -65. Suppose 0 = 2*b - j*b - 3*v + 10, 5*v = 15. Let i(l) = l**2 - 3*l + 1. Calculate i(b).
-1
Let h(x) = -3*x**3 - 12*x**2 + 13*x - 7. Let s(g) = -2*g**3 - 8*g**2 + 8*g - 5. Let j(p) = 5*h(p) - 8*s(p). Determine j(-4).
1
Suppose 0 = 2*s - 0*s + 2. Let j = -122 + 120. Let r be s + (j - (1 + -2)). Let y(z) = 2*z**2 + 3*z + 2. Calculate y(r).
4
Let y be (-36)/270 - 28/15. Let g be y/1 - (-95)/19. Let r(h) = h - 3. Determine r(g).
0
Let t(n) be the second derivative of -n**4/12 - 5*n**3/3 - 17*n**2/2 - 2*n - 67. Give t(-7).
4
Let i(h) be the first derivative of h**5/120 - h**4/24 + 7*h**3/3 - 22. Let f(l) be the third derivative of i(l). Give f(-3).
-4
Let s(q) = -q + 7. Let m(v) = v**2 - 6*v - 20. Let f be m(9). Suppose -2*i - 35 = -f*i + c, -3*i + 28 = -2*c. Calculate s(i).
1
Let x be 20/(-8)*(-12)/10. Let r be -2 + (x - 4) - -20. Suppose 5*k - 3*s = k - r, 0 = 2*s + 2. Let j(i) = i**2 + 4*i - 1. What is j(k)?
4
Suppose -11*w - 45 - 105 = -36*w. Let r(a) = -2*a**2 + 6*a + 3 + a**2 + 1. What is r(w)?
4
Let p = 0 + 0. Suppose 4*x = -5*z - p*z - 2, 4*x = -z - 10. Let j(f) = 0*f + z*f - f - 2. What is j(2)?
0
Let i(r) be the second derivative of -5*r**3/3 - 5*r**2/2 - 23*r. Calculate i(-2).
15
Let d(t) = 4*t**2 - 95*t - 15. Let l be d(24). Let f(u) = -u - 2. What is f(l)?
-11
Let n(f) = -3*f + f**2 + 30 - 6 - 25. Calculate n(-2).
9
Suppose 1029 = -92*w + 293. Let h(n) = n**2 + 6*n - 4. Calculate h(w).
12
Let q(g) = -g**3 + 4*g**2 + 2*g - 4. Let a be q(4). Let m(p) = -3 + a*p + p + 7 - 3*p. Let s be m(-4). Let z(v) = 2*v + 4. Give z(s).
-4
Let s be (-28)/(-24) - 4/24. Suppose 29 + s = -5*d. Let r(h) = -h**2 - 8*h + 5. What is r(d)?
17
Let r(s) be the second derivative of s**6/360 + 3*s**5/40 + 7*s**4/24 + 3*s**3/2 + 26*s. Let i(a) be the second derivative of r(a). Let p = 4 + -11. Give i(p).
-7
Let x(y) = 5*y**2 - 8. Let m(r) = 6*r**2 - r - 9. Let b(k) = -2*m(k) + 3*x(k). Determine b(3).
27
Let c(j) = -65*j + 39*j - 4 + 5*j**2 - 3*j**3 + 30*j + 4*j**3. Calculate c(-5).
-24
Let i(d) be the second derivative of -d**3/6 - 3*d**2/2 + 21*d - 5. Calculate i(8).
-11
Let a(i) = i**3 - 10*i**2 - 8*i - 4. Let r(k) = k**3 - 13*k**2 - 9*k - 5. Let m(f) = -6*a(f) + 5*r(f). Give m(-5).
-16
Let h be (3 + 30/(-9))*(12 - 21). Let s(q) = 3*q. What is s(h)?
9
Let w(a) = a**2 - 2*a + 3. Let x(s) = 5*s - s - 1 + 7*s + 3*s**2 - 7*s. Let v be x(-4). Let j = 33 - v. Determine w(j).
3
Let m(l) = -8*l**2 + 3*l. Let s(c) = 15*c + 107. Let u be s(-7). Calculate m(u).
-26
Suppose -3*u - 28 = 4*f, -2*f - 3*u = 20 - 0. Let y(t) = t**3 + 3*t**2 - 4*t - 3. Give y(f).
-3
Let s(h) = 2*h**3 + 49*h**2 - 22*h + 80. Let t be s(-25). Let r(w) = -w**3 + 7*w**2 - 11*w + 7. Determine r(t).
2
Let m(l) = 10*l. Let i be m(3). Suppose 4 = -4*k, -5*o + 16 = -3*k + 2*k. Suppose 2*p - p + 13 = 2*x, i = -o*p + 3*x. Let b(z) = z + 7. Give b(p).
0
Let k(l) = l**3 - 2*l**2 - 2*l + 2. Suppose w + 3*r - 4 = 0, -6*w - 3*r + 14 = -10*w. What is k(w)?
-10
Suppose 20 = f - 4*k, 0*f = 3*f - 4*k - 44. Suppose 0*q - 3*q + f = 0. Suppose q = 2*w + 2*w + 2*v, 3 = 3*w + 2*v. Let y(u) = u - 1. Determine y(w).
0
Let l(n) = 27*n - 1 + 33*n + 8 - 56*n. Let u be l(-3). Let d(z) = -z**3 - 6*z**2 - 4*z - 3. Determine d(u).
-8
Let a be 1/2*0/1. Suppose 0*b - 4*b + v - 7 = a, 2*v = -4*b - 10. Let c(w) = 2*w**2 + 3*w. Determine c(b).
2
Let s(j) = 4*j - 15 - 19 + 48 - 13. Calculate s(1).
5
Let j(w) = -3*w. Suppose -4*k + 5*i = -29, -k - 2*k = 3*i - 15. What is j(k)?
-18
Let v(q) = 2*q**3 - 2*q**3 + q**3 - 2*q - 71*q**2 + 144*q**2 + 1 - 72*q**2. Calculate v(-3).
-11
Let r(o) = 10 - 10*o + 1285*o**2 - 1284*o**2 - o. Give r(10).
0
Suppose 6*x = x. Let m(q) be the third derivative of q**6/720 + q**5/8 + 13*q**4/24 - 8*q**2. Let g(u) be the second derivative of m(u). What is g(x)?
15
Let s(r) = -r**3 + 6*r**2 + 5*r + 10. Let l(f) = 3*f - 31. Let x be l(13). Let i = -1 + x. Give s(i).
-4
Let d(p) = -p + 1. Let w(r) = r. Let l(y) = -y + 1. Let h(m) = l(m) - w(m). Let a(f) = 5*d(f) - 3*h(f). Give a(-2).
0
Let p(u) = -5*u + 8. Let b(r) = r - 1. Let h(j) = -30*b(j) - 5*p(j). Determine h(-4).
10
Let f(l) = 2*l + 10. Let n be f(-7). Let b(k) = -k**3 - 5*k**2 - 3*k + 5. Let s be b(n). Let i(a) = -8*a + 7*a + 3 - s. Determine i(2).
0
Let n(v) = 5*v. Let y be (-4)/(-26) + 2 + 4/(-26). Determine n(y).
10
Let c(r) = r - 14. Suppose -88 + 16 = -6*v. Let w be c(v). Let t(x) = -5*x + 2. Determine t(w).
12
Let z(t) be the second derivative of t**5/20 + t**4/3 - 2*t**3/3 - 6*t**2 - 10*t + 2. Determine z(-5).
-17
Suppose -182*t + 179*t = 3*r + 9, 3*r = t - 17. Let p(z) = 3*z - 4. Let f be p(3). Let c(h) = 0 - 2 + 3*h + f. Give c(r).
-12
Suppose 36*g - 240 = 6*g. Let a(o) = 2*o - 5. Give a(g).
11
Let j(h) be the first derivative of h**3/3 - 7*h**2/2 + h - 2. Calculate j(3).
-11
Let u be 4/22 - (-46)/(-11). Let k = u + 6. Let m(v) = 40*v - 9*v - 13*v - 9*v - 10*v. Determine m(k).
-2
Let u(h) be the third derivative of 7/24*h**4 + 0 - 1/10*h**5 + 13*h**2 + 1/120*h**6 - 5/6*h**3 + 0*h. Calculate u(5).
5
Let r = 978 + -984. Let d(t) = t**3 + 5*t**2 - 5*t - 5. What is d(r)?
-11
Suppose m - 2*k = -4*m + 10, -k - 2 = -m. Let y(g) = 2 + 0 - 4 - g**3 + 7*g**m - 14*g + 8*g. Calculate y(6).
-2
Suppose 0 = -4*z + 2 + 26. Let m = 4 - z. Let k(r) be the first derivative of r**4/4 + 4*r**3/3 + 3*r**2/2 + 2*r + 33. Calculate k(m).
2
Let l be (-1 + -9)/10*(-14)/(-2). Let t(a) = 8 - a + 6*a**2 - 5*a - 2*a**3 + 3*a**3. Give t(l).
1
Suppose 2 = -8*k + 18. Let o(l) = -l**2 - 2*l + 4. Calculate o(k).
-4
Let a be 6/9 - 2/3. Suppose a = -11*o + 10*o. Suppose 14 = -w + 3*f, o*w - 16 = 4*w - 4*f. Let v(d) = -6*d - 1. What is v(w)?
-7
Let z(x) = x**2 - 3. Let v be (2 - 1)*(5 - 6 - 2). Give z(v).
6
Let u(d) = d**2 - 9*d + 5. Let s = 19 + -19. Suppose s = 4*c + q + 4*q - 7, 3*q = 5*c - 55. Determine u(c).
-3
Let i(k) = k**3 + 11*k**2 - 2*k - 20. Let r be i(-11). Suppose a - r*w + 3*w + 2 = 0, -w - 11 = 4*a. Let s(d) = d**2 + 3*d - 4. Calculate s(a).
-4
Let y be (-3)/(-9) - 74/6. Let k = y - -17. Let v(p) = -p**3 + 8*p**2 + 7*p - 3. Let h(x) = 2*x**3 - 18*x**2 - 15*x + 6. Let q(j) = -2*h(j) - 5*v(j). Give q(k).
3
Let r(h) = h + 3. Suppose 0 = 2*q + n - 75, -5*n + 3*n - 162 = -4*q. Let f = -39 + q. What is r(f)?
3
Let h(c) be the third derivative of c**4/24 + c**3 + 12*c**2. What is h(0)?
6
Let f(b) be the third derivative of b**4/24 - 73*b**2. Calculate f(6).
6
Let y(j) be the first derivative of -j**3/3 - 5*j**2 - 12*j - 132. What is y(-8)?
4
Let c(n) be the second derivative of -1/6*n**3 - 9*n - 1/2*n**2 + 0. Let f be ((-3)/4)/((-6)/(-24)). What is c(f)?
2
Suppose 73*f - 23*f = 100. Let h(m) = 2*m - 8. What is h(f)?
-4
Let s(t) = -5*t**2 - t - 2. Suppose 0 = -13*m + 8*m - 4*z - 30, -3*m + 2*z + 4 = 0. Calculate s(m).
-20
Let k